 base 3, what is -12002100000200 - 2000?
-12002100002200
In base 12, what is 1 + 11547ab?
11547b0
In base 15, what is -1149e5 + -1e?
-114a14
In base 10, what is 33182687 + 2?
33182689
In base 5, what is 332 - 44443330?
-44442443
In base 16, what is 2 + -634b1a0?
-634b19e
In base 10, what is 32 + -8379128?
-8379096
In base 5, what is 202 + -430422324?
-430422122
In base 14, what is -49b62 - -c?
-49b54
In base 5, what is 3 + 1131022343?
1131022401
In base 14, what is -1 - -385d5a?
385d59
In base 7, what is 66661305 + -5?
66661300
In base 2, what is 11010111110110110 + -100010001011?
11010011100101011
In base 11, what is 7523324 + 3?
7523327
In base 6, what is -11 + 41344?
41333
In base 10, what is -1 + 58675051?
58675050
In base 9, what is -1083878 - -227?
-1083651
In base 9, what is -10504247 - 0?
-10504247
In base 5, what is -22433302410012 + -1?
-22433302410013
In base 11, what is 793 - 6968?
-6185
In base 11, what is -2427674 + 57?
-2427618
In base 7, what is -2033263 + 3?
-2033260
In base 10, what is 4615 - 9559?
-4944
In base 3, what is 21102120 + -200102112?
-101222222
In base 5, what is 201012123014 - 3?
201012123011
In base 3, what is 2220 - 100012222120211?
-100012222110221
In base 10, what is 34 - 5075873?
-5075839
In base 8, what is 44436077 + 4?
44436103
In base 13, what is -1126c6033 + 2?
-1126c6031
In base 6, what is 42 - -32004033?
32004115
In base 11, what is 5102 + -27851?
-2274a
In base 13, what is 633cb5 - 92?
633c23
In base 14, what is 35d - bc5a?
-b8db
In base 10, what is -26 + 27741961?
27741935
In base 16, what is c627d + -11b?
c6162
In base 10, what is -723103 + 24?
-723079
In base 12, what is -aa1844 - 2?
-aa1846
In base 5, what is -322403042332 - -3?
-322403042324
In base 2, what is 100 + 101110011110011101101010000?
101110011110011101101010100
In base 5, what is -12212311 - -100?
-12212211
In base 13, what is -2 - 3977a257?
-3977a259
In base 9, what is 4 - -4555252?
4555256
In base 15, what is -25618a - -1?
-256189
In base 10, what is -89 - 1494226?
-1494315
In base 4, what is -3302 + 20312331?
20303023
In base 4, what is 2201 - -100311333121?
100312001322
In base 3, what is 2012200122202 - -112?
2012200200021
In base 13, what is 1a - -63019?
63036
In base 10, what is -53863 + -353?
-54216
In base 8, what is 3244745 + 112?
3245057
In base 10, what is -5 + 23549778?
23549773
In base 12, what is -3649942 - 1?
-3649943
In base 15, what is -1600d - 4b5?
-164c3
In base 13, what is -24769709 - -2?
-24769707
In base 5, what is 3134204 - -102102?
3241311
In base 4, what is -20 - -32222103321?
32222103301
In base 5, what is -1303101233131 + 3?
-1303101233123
In base 9, what is 345 + -100324?
-88868
In base 14, what is 78c2 + -a96b?
-3089
In base 10, what is 141648786 + 3?
141648789
In base 14, what is -10c - -22c3b?
22b2d
In base 5, what is 1202 + 321212231?
321213433
In base 11, what is -376 - 9444?
-980a
In base 7, what is -2040354450 + 3?
-2040354444
In base 13, what is 0 + 19976?
19976
In base 16, what is 5 + -27ffdd?
-27ffd8
In base 4, what is 201232212 + 21?
201232233
In base 15, what is 2a9 + 2540?
27e9
In base 16, what is 9a5e6 + -86?
9a560
In base 8, what is -4 + -3077061?
-3077065
In base 8, what is 2430316 - -1152?
2431470
In base 9, what is 3401 + 61203?
64604
In base 2, what is -10001 + -11011110111101111011?
-11011110111110001100
In base 7, what is 1253114331 - 0?
1253114331
In base 5, what is -2441034011 - 21?
-2441034032
In base 11, what is 11662 - 80?
11592
In base 7, what is -1133045223 + -2?
-1133045225
In base 3, what is 1002120 + 212120020?
220122210
In base 9, what is -1581 + -422471?
-424162
In base 12, what is -102564 + 0?
-102564
In base 2, what is 11100111111 + 10110001001?
110011001000
In base 5, what is 332 + 20320011414?
20320012301
In base 11, what is 32 + 703484?
703506
In base 8, what is -3055615252 + 4?
-3055615246
In base 4, what is -11123 - 30000233?
-30012022
In base 4, what is -20331 - 3222203?
-3303200
In base 8, what is -1265 + 113140?
111653
In base 2, what is -1 - -110000001000100101001110011?
110000001000100101001110010
In base 9, what is 1557 + 36614?
38272
In base 16, what is -498d + -363f?
-7fcc
In base 5, what is 11220321 - 1023?
11214243
In base 13, what is 4 + 41c273?
41c277
In base 12, what is -142 + -49881?
-49a03
In base 12, what is -3323 + -7012?
-a335
In base 7, what is 20244254 + -2?
20244252
In base 7, what is 2224156 + 310?
2224466
In base 4, what is 3303331020 - 30122?
3303300232
In base 12, what is -63976 + 1ab?
-63787
In base 10, what is -73457 + 191?
-73266
In base 2, what is 10101110110011011110010011001 + -101?
10101110110011011110010010100
In base 7, what is 123 + 5263163?
5263316
In base 7, what is -40 + 2126412?
2126342
In base 5, what is -424103212 - 211?
-424103423
In base 8, what is -1233 - -37065?
35632
In base 3, what is -210020 + -120000101010?
-120001011100
In base 16, what is 98957 - -1a?
98971
In base 9, what is -13841318 - -10?
-13841308
In base 13, what is -b - -1987?
1979
In base 11, what is -42710 - -115?
-425a6
In base 4, what is -2 - 101233133103?
-101233133111
In base 4, what is -10 + -10032130102?
-10032130112
In base 9, what is 8052146 + 13?
8052160
In base 8, what is -43200601 + -23?
-43200624
In base 2, what is -111011000000001110 + -111010110?
-111011000111100100
In base 15, what is -1ec + -e0c?
-1109
In base 11, what is -6390 - 4400?
-a790
In base 11, what is -88224 + a4?
-88130
In base 15, what is -197 - -a641?
a499
In base 3, what is 1002212111011101102 - 12?
1002212111011101020
In base 2, what is -11000 + -100101100000100110011?
-100101100000101001011
In base 14, what is 4843 - -664d?
b092
In base 12, what is -47 + 16a984?
16a939
In base 2, what is 1000101 + -111101010010001?
-111101001001100
In base 14, what is -d46 - 2441?
-3387
In base 16, what is 568 - 297?
2d1
In base 14, what is -17 - -23d4d1?
23d4b8
In base 10, what is -7 - -252844?
252837
In base 11, what is 74493 + -23aa?
72094
In base 14, what is 74946c - 5?
749467
In base 3, what is -2111210 - 10022012000?
-10101200210
In base 16, what is -997 - -14068?
136d1
In base 2, what is 1001110101101010010010001 + 0?
1001110101101010010010001
In base 2, what is 11 + -10110000111101101011000000?
-10110000111101101010111101
In base 2, what is 10001110111001100101 + 1011000?
10001110111010111101
In base 16, what is -1b - 132456?
-132471
In base 4, what is 1222301020021 + 10?
1222301020031
In base 16, what is 3100f2 + 21?
310113
In base 3, what is -211 + -210221120202?
-210221121120
In base 6, what is -242233012 + -100?
-242233112
In base 14, what is 5c5 - -d24c?
d833
In base 8, what is 5 + 60563264?
60563271
In base 12, what is 430682a7 + -2?
430682a5
In base 10, what is 4402941 + 29?
4402970
In base 8, what is -12345341 + -177?
-12345540
In base 8, what is -16 + 123015704?
123015666
In base 8, what is 1240007 + 2215?
1242224
In base 8, what is -150422 - -1215?
-147205
In base 10, what is 826 - 11937?
-11111
In base 6, what is 22052010003 - 5?
22052005554
In base 7, what is -1 - 1431413306?
-1431413310
In base 6, what is -3 + 2031250?
2031243
In base 8, what is 72031 + -22?
72007
In base 7, what is 3620064160 + 3?
3620064163
In base 2, what is 101011010101 - 1111010000001?
-1001110101100
In base 12, what is -82 + b8923?
b8861
In base 8, what is -24407264 - 13?
-24407277
In base 15, what is -11 - adc15?
-adc26
In base 13, what is -286b079 + -8?
-286b084
In base 14, what is 11a + -40023d?
-400123
In base 8, what is 22 - 67507621?
-67507577
In base 10, what is -2 - -11767956?
11767954
In base 16, what is 23c2d74 - 2?
23c2d72
In base 12, what is 1819a69 + 5?
1819a72
In base 2, what is -1011110110010000001 - 10111?
-1011110110010011000
In base 15, what is 55 + -44d79?
-44d24
In base 2, what is 101 + -1100000010011000111010010?
-1100000010011000111001101
In base 2, what is -1000 - 11111100011101111000010?
-11111100011101111001010
In base 14, what is -1941a830 + -3?
-1941a833
In base 16, what is -28 + 1395105?
13950dd
In base 16, what is 37c7b + 8?
37c83
In base 11, what is 384793049 + 2?
384793050
In base 4, what is -1031103031031 + -1?
-1031103031032
In base 10, what is 115 - 134?
-19
In base 5, what is -32043 - 3421031?
-4003124
In base 10, what is -5 + 5357215?
5357210
In base 10, what i